{"id":6,"date":"2025-04-16T14:44:00","date_gmt":"2025-04-16T14:44:00","guid":{"rendered":"https:\/\/manjarin.com\/?page_id=6"},"modified":"2025-10-05T20:41:57","modified_gmt":"2025-10-05T20:41:57","slug":"home","status":"publish","type":"page","link":"https:\/\/manjarin.com\/","title":{"rendered":"Home"},"content":{"rendered":"\t\t<div data-elementor-type=\"wp-page\" data-elementor-id=\"6\" class=\"elementor elementor-6\">\n\t\t\t\t<div class=\"elementor-element elementor-element-7bc51e8 e-flex e-con-boxed e-con e-parent\" data-id=\"7bc51e8\" data-element_type=\"container\">\n\t\t\t\t\t<div class=\"e-con-inner\">\n\t\t\t\t<div class=\"elementor-element elementor-element-94d0ea7 elementor-widget elementor-widget-image\" data-id=\"94d0ea7\" data-element_type=\"widget\" data-widget_type=\"image.default\">\n\t\t\t\t<div class=\"elementor-widget-container\">\n\t\t\t\t\t\t\t\t\t\t\t\t\t\t\t<img fetchpriority=\"high\" decoding=\"async\" width=\"620\" height=\"213\" src=\"https:\/\/manjarin.com\/wp-content\/uploads\/2025\/05\/manjarin-logo-1-removebg-preview-1.png\" class=\"attachment-large size-large wp-image-121\" alt=\"\" srcset=\"https:\/\/manjarin.com\/wp-content\/uploads\/2025\/05\/manjarin-logo-1-removebg-preview-1.png 620w, https:\/\/manjarin.com\/wp-content\/uploads\/2025\/05\/manjarin-logo-1-removebg-preview-1-300x103.png 300w\" sizes=\"(max-width: 620px) 100vw, 620px\" \/>\t\t\t\t\t\t\t\t\t\t\t\t\t\t\t<\/div>\n\t\t\t\t<\/div>\n\t\t\t\t<div class=\"elementor-element elementor-element-5580b6e elementor-widget elementor-widget-text-editor\" data-id=\"5580b6e\" data-element_type=\"widget\" data-widget_type=\"text-editor.default\">\n\t\t\t\t<div class=\"elementor-widget-container\">\n\t\t\t\t\t\t\t\t\t<p><strong>Sus representantes ante los Tribunales<\/strong><\/p>\t\t\t\t\t\t\t\t<\/div>\n\t\t\t\t<\/div>\n\t\t\t\t<div class=\"elementor-element elementor-element-5fdfb07 elementor-widget elementor-widget-button\" data-id=\"5fdfb07\" data-element_type=\"widget\" data-widget_type=\"button.default\">\n\t\t\t\t<div class=\"elementor-widget-container\">\n\t\t\t\t\t\t\t\t\t<div class=\"elementor-button-wrapper\">\n\t\t\t\t\t<a class=\"elementor-button elementor-button-link elementor-size-sm\" href=\"https:\/\/online.manjarin.com\/Procurador\/login.aspx\">\n\t\t\t\t\t\t<span class=\"elementor-button-content-wrapper\">\n\t\t\t\t\t\t\t\t\t<span class=\"elementor-button-text\">\u00c1REA PRIVADA<\/span>\n\t\t\t\t\t<\/span>\n\t\t\t\t\t<\/a>\n\t\t\t\t<\/div>\n\t\t\t\t\t\t\t\t<\/div>\n\t\t\t\t<\/div>\n\t\t<div class=\"elementor-element elementor-element-db29f7d e-grid e-con-full e-con e-child\" data-id=\"db29f7d\" data-element_type=\"container\">\n\t\t<div class=\"elementor-element elementor-element-e69a797 e-flex e-con-boxed e-con e-child\" data-id=\"e69a797\" data-element_type=\"container\">\n\t\t\t\t\t<div class=\"e-con-inner\">\n\t\t\t\t<div class=\"elementor-element elementor-element-590157a elementor-widget__width-inherit elementor-widget elementor-widget-text-editor\" data-id=\"590157a\" data-element_type=\"widget\" data-widget_type=\"text-editor.default\">\n\t\t\t\t<div class=\"elementor-widget-container\">\n\t\t\t\t\t\t\t\t\t<h4><strong>Profesionales<\/strong><\/h4>\t\t\t\t\t\t\t\t<\/div>\n\t\t\t\t<\/div>\n\t\t\t\t<div class=\"elementor-element elementor-element-61eac0d elementor-widget__width-inherit elementor-widget elementor-widget-text-editor\" data-id=\"61eac0d\" data-element_type=\"widget\" data-widget_type=\"text-editor.default\">\n\t\t\t\t<div class=\"elementor-widget-container\">\n\t\t\t\t\t\t\t\t\t<h6>Francisco Javier Manjar\u00edn Albert<\/h6><h6>Amparo Almirall Gayo<\/h6><h6>Patricia Sand\u00e9 Sucarrats<\/h6><h6>Fernando de Miguel L\u00f3pez<\/h6>\t\t\t\t\t\t\t\t<\/div>\n\t\t\t\t<\/div>\n\t\t\t\t<div class=\"elementor-element elementor-element-3455600 elementor-widget elementor-widget-spacer\" data-id=\"3455600\" data-element_type=\"widget\" data-widget_type=\"spacer.default\">\n\t\t\t\t<div class=\"elementor-widget-container\">\n\t\t\t\t\t\t\t<div class=\"elementor-spacer\">\n\t\t\t<div class=\"elementor-spacer-inner\"><\/div>\n\t\t<\/div>\n\t\t\t\t\t\t<\/div>\n\t\t\t\t<\/div>\n\t\t\t\t\t<\/div>\n\t\t\t\t<\/div>\n\t\t<div class=\"elementor-element elementor-element-f8e2e97 e-flex e-con-boxed e-con e-child\" data-id=\"f8e2e97\" data-element_type=\"container\">\n\t\t\t\t\t<div class=\"e-con-inner\">\n\t\t\t\t<div class=\"elementor-element elementor-element-69e654d elementor-widget__width-inherit elementor-widget elementor-widget-text-editor\" data-id=\"69e654d\" data-element_type=\"widget\" data-widget_type=\"text-editor.default\">\n\t\t\t\t<div class=\"elementor-widget-container\">\n\t\t\t\t\t\t\t\t\t<h4><strong>\u00c1mbito de Actuaci\u00f3n<\/strong><\/h4>\t\t\t\t\t\t\t\t<\/div>\n\t\t\t\t<\/div>\n\t\t\t\t<div class=\"elementor-element elementor-element-eaacdf9 elementor-widget__width-inherit elementor-widget elementor-widget-text-editor\" data-id=\"eaacdf9\" data-element_type=\"widget\" data-widget_type=\"text-editor.default\">\n\t\t\t\t<div class=\"elementor-widget-container\">\n\t\t\t\t\t\t\t\t\t<h6>Barcelona<\/h6><h6>Badalona<\/h6><h6>Santa Coloma de Gramenet<\/h6><h6>L\u2019Hospitalet de Llobregat<\/h6><h6>Sant Boi de Llobregat<\/h6><h6>El Prat de Llobregat<\/h6><h6>Cornell\u00e0 de Llobregat<\/h6><h6>Gav\u00e0<\/h6>\t\t\t\t\t\t\t\t<\/div>\n\t\t\t\t<\/div>\n\t\t\t\t\t<\/div>\n\t\t\t\t<\/div>\n\t\t<div class=\"elementor-element elementor-element-10560b5 e-flex e-con-boxed e-con e-child\" data-id=\"10560b5\" data-element_type=\"container\">\n\t\t\t\t\t<div class=\"e-con-inner\">\n\t\t\t\t<div class=\"elementor-element elementor-element-c57b862 elementor-widget__width-inherit elementor-widget elementor-widget-text-editor\" data-id=\"c57b862\" data-element_type=\"widget\" data-widget_type=\"text-editor.default\">\n\t\t\t\t<div class=\"elementor-widget-container\">\n\t\t\t\t\t\t\t\t\t<h4><strong>Contacto<\/strong><\/h4>\t\t\t\t\t\t\t\t<\/div>\n\t\t\t\t<\/div>\n\t\t\t\t<div class=\"elementor-element elementor-element-d5a9938 elementor-widget__width-inherit elementor-widget elementor-widget-text-editor\" data-id=\"d5a9938\" data-element_type=\"widget\" data-widget_type=\"text-editor.default\">\n\t\t\t\t<div class=\"elementor-widget-container\">\n\t\t\t\t\t\t\t\t\t<h6>Manjarin Procuradores<\/h6><h6>c\/ Proven\u00e7a, 314, 2\u00ba-2\u00aa<\/h6><h6>08037-Barcelona<\/h6><h6>Tel\u00e9fono: 934870495<\/h6><h6>E-Mail : <a href=\"mailto:manjarin@manjarin.com\">manjarin@manjarin.com<\/a><\/h6>\t\t\t\t\t\t\t\t<\/div>\n\t\t\t\t<\/div>\n\t\t\t\t<div class=\"elementor-element elementor-element-2bfd242 elementor-widget elementor-widget-spacer\" data-id=\"2bfd242\" data-element_type=\"widget\" data-widget_type=\"spacer.default\">\n\t\t\t\t<div class=\"elementor-widget-container\">\n\t\t\t\t\t\t\t<div class=\"elementor-spacer\">\n\t\t\t<div class=\"elementor-spacer-inner\"><\/div>\n\t\t<\/div>\n\t\t\t\t\t\t<\/div>\n\t\t\t\t<\/div>\n\t\t\t\t\t<\/div>\n\t\t\t\t<\/div>\n\t\t\t\t<\/div>\n\t\t\t\t\t<\/div>\n\t\t\t\t<\/div>\n\t\t\t\t<\/div>\n\t\t","protected":false},"excerpt":{"rendered":"<p>Sus representantes ante los Tribunales \u00c1REA PRIVADA Profesionales Francisco Javier Manjar\u00edn Albert Amparo Almirall Gayo Patricia Sand\u00e9 Sucarrats Fernando de Miguel L\u00f3pez \u00c1mbito de Actuaci\u00f3n Barcelona Badalona Santa Coloma de Gramenet L\u2019Hospitalet de Llobregat Sant Boi de Llobregat El Prat de Llobregat Cornell\u00e0 de Llobregat Gav\u00e0 Contacto Manjarin Procuradores c\/ Proven\u00e7a, 314, 2\u00ba-2\u00aa 08037-Barcelona Tel\u00e9fono: [&hellip;]<\/p>\n","protected":false},"author":1,"featured_media":0,"parent":0,"menu_order":0,"comment_status":"closed","ping_status":"closed","template":"elementor_canvas","meta":{"footnotes":""},"class_list":["post-6","page","type-page","status-publish","hentry"],"_links":{"self":[{"href":"https:\/\/manjarin.com\/index.php\/wp-json\/wp\/v2\/pages\/6","targetHints":{"allow":["GET"]}}],"collection":[{"href":"https:\/\/manjarin.com\/index.php\/wp-json\/wp\/v2\/pages"}],"about":[{"href":"https:\/\/manjarin.com\/index.php\/wp-json\/wp\/v2\/types\/page"}],"author":[{"embeddable":true,"href":"https:\/\/manjarin.com\/index.php\/wp-json\/wp\/v2\/users\/1"}],"replies":[{"embeddable":true,"href":"https:\/\/manjarin.com\/index.php\/wp-json\/wp\/v2\/comments?post=6"}],"version-history":[{"count":52,"href":"https:\/\/manjarin.com\/index.php\/wp-json\/wp\/v2\/pages\/6\/revisions"}],"predecessor-version":[{"id":142,"href":"https:\/\/manjarin.com\/index.php\/wp-json\/wp\/v2\/pages\/6\/revisions\/142"}],"wp:attachment":[{"href":"https:\/\/manjarin.com\/index.php\/wp-json\/wp\/v2\/media?parent=6"}],"curies":[{"name":"wp","href":"https:\/\/api.w.org\/{rel}","templated":true}]}}